emainder when 2166 is divided by 167.
162
What is the remainder when 137 is divided by 51?
35
Calculate the remainder when 677 is divided by 669.
8
Calculate the remainder when 10 is divided by 7.
3
What is the remainder when 52 is divided by 8?
4
What is the remainder when 55 is divided by 20?
15
What is the remainder when 43 is divided by 15?
13
What is the remainder when 346 is divided by 12?
10
Calculate the remainder when 403 is divided by 59.
49
Calculate the remainder when 349 is divided by 32.
29
Calculate the remainder when 1605 is divided by 18.
3
Calculate the remainder when 14441 is divided by 174.
173
Calculate the remainder when 9603 is divided by 85.
83
What is the remainder when 388 is divided by 134?
120
Calculate the remainder when 280 is divided by 47.
45
Calculate the remainder when 79 is divided by 8.
7
Calculate the remainder when 19018 is divided by 7.
6
What is the remainder when 744 is divided by 355?
34
Calculate the remainder when 1942 is divided by 322.
10
What is the remainder when 151 is divided by 26?
21
What is the remainder when 22664 is divided by 19?
16
Calculate the remainder when 205 is divided by 35.
30
Calculate the remainder when 557 is divided by 113.
105
Calculate the remainder when 1291 is divided by 34.
33
Calculate the remainder when 14661 is divided by 141.
138
What is the remainder when 14 is divided by 6?
2
Calculate the remainder when 867 is divided by 471.
396
Calculate the remainder when 195 is divided by 28.
27
What is the remainder when 6527 is divided by 48?
47
What is the remainder when 3471 is divided by 1146?
33
Calculate the remainder when 2372 is divided by 20.
12
What is the remainder when 320 is divided by 17?
14
Calculate the remainder when 231 is divided by 6.
3
What is the remainder when 1856 is divided by 919?
18
Calculate the remainder when 69 is divided by 6.
3
What is the remainder when 354 is divided by 116?
6
Calculate the remainder when 387 is divided by 360.
27
Calculate the remainder when 6298 is divided by 18.
16
What is the remainder when 156 is divided by 16?
12
What is the remainder when 190 is divided by 48?
46
What is the remainder when 345 is divided by 89?
78
Calculate the remainder when 3134 is divided by 43.
38
What is the remainder when 35 is divided by 6?
5
Calculate the remainder when 190 is divided by 49.
43
Calculate the remainder when 2363 is divided by 466.
33
Calculate the remainder when 640 is divided by 66.
46
Calculate the remainder when 2698 is divided by 12.
10
What is the remainder when 210 is divided by 20?
10
Calculate the remainder when 55 is divided by 32.
23
What is the remainder when 121 is divided by 16?
9
What is the remainder when 118 is divided by 61?
57
Calculate the remainder when 118 is divided by 6.
4
What is the remainder when 22343 is divided by 302?
297
Calculate the remainder when 3765 is divided by 3751.
14
What is the remainder when 13422 is divided by 98?
94
What is the remainder when 2182 is divided by 12?
10
Calculate the remainder when 366 is divided by 247.
119
What is the remainder when 407 is divided by 203?
1
What is the remainder when 91662 is divided by 21?
18
Calculate the remainder when 333 is divided by 7.
4
What is the remainder when 199 is divided by 59?
22
Calculate the remainder when 1013 is divided by 317.
62
Calculate the remainder when 1038 is divided by 40.
38
What is the remainder when 76 is divided by 31?
14
Calculate the remainder when 181 is divided by 116.
65
What is the remainder when 2362 is divided by 26?
22
Calculate the remainder when 3088 is divided by 1029.
1
What is the remainder when 219 is divided by 107?
5
Calculate the remainder when 345 is divided by 15.
0
What is the remainder when 195 is divided by 23?
11
What is the remainder when 2404 is divided by 15?
4
Calculate the remainder when 164 is divided by 45.
29
What is the remainder when 422 is divided by 211?
0
What is the remainder when 69 is divided by 26?
17
What is the remainder when 2772 is divided by 111?
108
Calculate the remainder when 390 is divided by 33.
27
Calculate the remainder when 2051 is divided by 103.
94
Calculate the remainder when 1849 is divided by 8.
1
Calculate the remainder when 12748 is divided by 15.
13
Calculate the remainder when 50 is divided by 35.
15
Calculate the remainder when 61 is divided by 17.
10
What is the remainder when 315 is divided by 73?
23
Calculate the remainder when 68 is divided by 27.
14
What is the remainder when 153 is divided by 48?
9
Calculate the remainder when 42 is divided by 26.
16
What is the remainder when 24 is divided by 6?
0
What is the remainder when 161 is divided by 34?
25
Calculate the remainder when 220 is divided by 16.
12
Calculate the remainder when 2841 is divided by 239.
212
What is the remainder when 1485 is divided by 12?
9
What is the remainder when 1341 is divided by 42?
39
Calculate the remainder when 162 is divided by 149.
13
Calculate the remainder when 2237 is divided by 736.
29
Calculate the remainder when 640 is divided by 72.
64
Calculate the remainder when 334 is divided by 23.
12
Calculate the remainder when 194 is divided by 30.
14
What is the remainder when 523 is divided by 24?
19
Calculate the remainder when 31 is divided by 12.
7
Calculate the remainder when 318 is divided by 55.
43
What is the remainder when 405 is divided by 68?
65
What is the remainder when 611 is divided by 88?
83
Calculate the remainder when 5101 is divided by 1019.
6
Calculate the remainder when 515 is divided by 24.
11
Calculate the remainder when 101 is divided by 48.
5
Calculate the remainder when 1055 is divided by 33.
32
Calculate the remainder when 216 is divided by 20.
16
Calculate the remainder when 8549 is divided by 171.
170
What is the remainder when 117 is divided by 30?
27
Calculate the remainder when 204 is divided by 29.
1
What is the remainder when 3318 is divided by 83?
81
What is the remainder when 429 is divided by 35?
9
Calculate the remainder when 208 is divided by 54.
46
What is the remainder when 103 is divided by 9?
4
What is the remainder when 4943 is divided by 12?
11
Calculate the remainder when 41 is divided by 22.
19
What is the remainder when 113 is divided by 62?
51
Calculate the remainder when 1039 is divided by 223.
147
What is the remainder when 361 is divided by 11?
9
What is the remainder when 862 is divided by 67?
58
Calculate the remainder when 259 is divided by 11.
6
What is the remainder when 97 is divided by 20?
17
What is the remainder when 184 is divided by 5?
4
Calculate the remainder when 93 is divided by 11.
5
Calculate the remainder when 47 is divided by 12.
11
What is the remainder when 99 is divided by 72?
27
Calculate the remainder when 38 is divided by 30.
8
Calculate the remainder when 205 is divided by 52.
49
What is the remainder when 782 is divided by 28?
26
Calculate the remainder when 1479 is divided by 57.
54
What is the remainder when 73 is divided by 32?
9
What is the remainder when 379 is divided by 58?
31
Calculate the remainder when 2921 is divided by 953.
62
Calculate the remainder when 1245 is divided by 4.
1
Calculate the remainder when 67 is divided by 19.
10
Calculate the remainder when 61 is divided by 27.
7
Calculate the remainder when 140 is divided by 9.
5
What is the remainder when 155 is divided by 126?
29
What is the remainder when 83 is divided by 28?
27
What is the remainder when 1904 is divided by 620?
44
Calculate the remainder when 537 is divided by 89.
3
Calculate the remainder when 211 is divided by 46.
27
What is the remainder when 103 is divided by 12?
7
What is the remainder when 92 is divided by 19?
16
Calculate the remainder when 5474 is divided by 75.
74
Calculate the remainder when 52 is divided by 14.
10
Calculate the remainder when 714 is divided by 11.
10
Calculate the remainder when 66 is divided by 29.
8
What is the remainder when 103 is divided by 27?
22
What is the remainder when 182 is divided by 73?
36
What is the remainder when 358 is divided by 73?
66
Calculate the remainder when 120 is divided by 32.
24
What is the remainder when 417 is divided by 20?
17
What is the remainder when 1065 is divided by 347?
24
What is the remainder when 171 is divided by 50?
21
Calculate the r